{"id":401,"date":"2024-06-15T08:39:18","date_gmt":"2024-06-15T06:39:18","guid":{"rendered":"https:\/\/nieuw.lowelldykstra.com\/?page_id=401"},"modified":"2026-03-03T08:06:58","modified_gmt":"2026-03-03T07:06:58","slug":"arrangements","status":"publish","type":"page","link":"https:\/\/lowelldykstra.com\/?page_id=401","title":{"rendered":"Arrangements"},"content":{"rendered":"\t\t<div data-elementor-type=\"wp-page\" data-elementor-id=\"401\" class=\"elementor elementor-401\" data-elementor-post-type=\"page\">\n\t\t\t\t<div class=\"elementor-element elementor-element-dce6038 e-flex e-con-boxed e-con e-parent\" data-id=\"dce6038\" data-element_type=\"container\" data-e-type=\"container\" data-settings=\"{&quot;background_background&quot;:&quot;classic&quot;}\">\n\t\t\t\t\t<div class=\"e-con-inner\">\n\t\t\t\t<div class=\"elementor-element elementor-element-0a8f6bf elementor-widget elementor-widget-heading\" data-id=\"0a8f6bf\" data-element_type=\"widget\" data-e-type=\"widget\" data-widget_type=\"heading.default\">\n\t\t\t\t<div class=\"elementor-widget-container\">\n\t\t\t\t\t<h2 class=\"elementor-heading-title elementor-size-default\">Arrangements<\/h2>\t\t\t\t<\/div>\n\t\t\t\t<\/div>\n\t\t\t\t\t<\/div>\n\t\t\t\t<\/div>\n\t\t<div class=\"elementor-element elementor-element-5514352 e-flex e-con-boxed e-con e-parent\" data-id=\"5514352\" data-element_type=\"container\" data-e-type=\"container\">\n\t\t\t\t\t<div class=\"e-con-inner\">\n\t\t\t\t<div class=\"elementor-element elementor-element-ceaff93 elementor-widget elementor-widget-spacer\" data-id=\"ceaff93\" data-element_type=\"widget\" data-e-type=\"widget\" data-widget_type=\"spacer.default\">\n\t\t\t\t<div class=\"elementor-widget-container\">\n\t\t\t\t\t\t\t<div class=\"elementor-spacer\">\n\t\t\t<div class=\"elementor-spacer-inner\"><\/div>\n\t\t<\/div>\n\t\t\t\t\t\t<\/div>\n\t\t\t\t<\/div>\n\t\t\t\t\t<\/div>\n\t\t\t\t<\/div>\n\t\t<div class=\"elementor-element elementor-element-5f94c8a e-flex e-con-boxed e-con e-parent\" data-id=\"5f94c8a\" data-element_type=\"container\" data-e-type=\"container\">\n\t\t\t\t\t<div class=\"e-con-inner\">\n\t\t\t\t<div class=\"elementor-element elementor-element-3aa8bbd elementor-widget elementor-widget-text-editor\" data-id=\"3aa8bbd\" data-element_type=\"widget\" data-e-type=\"widget\" data-widget_type=\"text-editor.default\">\n\t\t\t\t<div class=\"elementor-widget-container\">\n\t\t\t\t\t\t\t\t\t<p><strong>Romance del pescador<\/strong> &#8211; <em>Scene from El amor brujo\u00a0<\/em>(December 31, 2025)<br \/>&#8211; original: piano\/orchestra<br \/>&#8211; instrumentation: flute, viola &amp; harp<br \/>&#8211; total duration: ca. 2&#8217;15&#8221;<br \/>&#8211; not published\u00a0<br \/>&#8211; <a href=\"https:\/\/www.youtube.com\/watch?v=IF3OjJsBStg\" target=\"_blank\" rel=\"noopener\">Listen<\/a> on Youtube<\/p><p><strong>Three pieces based on the name of Haydn <\/strong>by Maurice Ravel, Claude Debussy and Vincent D\u2019Indy (2024)<br \/>arranged for Ensemble VIJF! (fl-ob-bassoon-vl &amp; harp)<br \/>\u00a0&#8211; original: piano<br \/>\u00a0&#8211; total duration: ca. 6\u203230&#8243;<br \/>\u00a0&#8211; published by Donemus <a href=\"https:\/\/webshop.donemus.com\/action\/front\/sheetmusic\/23870\/Three+pieces+based+on+the+name+of+Haydn\" target=\"_blank\" rel=\"noopener\">preview<\/a><\/p><p><strong>Quatre pi\u00e8ces br\u00e8ves<\/strong> \u2013 Frank Martin, completed with part II \u2013 <em>Air<\/em> and part IV \u2013 <em>Comme une Gigue<\/em> (2022)<br \/>instrumentation: flute, viola and harp<br \/>\u00a0&#8211; original: guitar <br \/>since the original (be it for guitar or piano) has left us with many questions, this is an arrangement. Not a version.<br \/>\u00a0&#8211; duration: ca. 8\u201930\u201d<br \/>\u00a0&#8211; not published as it is not yet in the public domain<\/p><p><strong>Nocturne 1<\/strong> \u2013 Erik Satie (2022)<br \/>instrumentation: wind quintet (fl \u2013 ob \u2013 cl \u2013 hrn \u2013 bassoon)<br \/>\u00a0&#8211; original: piano <br \/>\u00a0&#8211; duration ca. 2\u201945\u201d<br \/>\u00a0&#8211; not published yet<\/p><p><strong>Pantomime<\/strong> \u2013 Manuel de Falla (2021)<br \/>instrumentation: guitar and cello<br \/>\u00a0&#8211; original: orchestral (from: El amor Brujo)<br \/>\u00a0&#8211; duration ca. 3\u201930\u201d<br \/>\u00a0&#8211; not published yet<\/p><p>from the <strong>Quatre pi\u00e8ces br\u00e8ves<\/strong> \u2013 Frank Martin, part I \u2013 <em>Pr\u00e9lude<\/em> and part III \u2013 <em>Plainte<\/em> (2021)<br \/>instrumentation: flute, viola and harp<br \/>original: guitar (Martin made a piano version later on)<br \/>\u00a0&#8211; not published<\/p><p><strong>Hommage \u00e0 Ravel<\/strong> \u2013 Arthur Honegger (2021)<br \/>instrumentation: chamber orchestra<br \/>\u00a0&#8211; original: piano<br \/>\u00a0&#8211; duration: ca. 3\u2032<br \/>\u00a0&#8211; not published as it is not yet in the public domain<\/p><p><strong>Homenaje \u2013 pour le tombeau de Claude Debussy<\/strong> \u2013 Manuel de Falla (2018)<br \/>instrumentation: flute, viola and harp<br \/>\u00a0&#8211; original: guitar (de Falla made a piano version later on)<br \/>\u00a0&#8211; premiere: April 11, 2019 Grote Kerk Epe<br \/>performers: Karin Leutscher \u2013 flute, Adriaan Breunis \u2013 viola, Liesbeth Vreeburg \u2013 harp (members of the Oneira ensemble)<br \/>\u00a0&#8211; duration: ca. 4 \u2018<br \/>\u00a0&#8211; published by Donemus <a href=\"https:\/\/webshop.donemus.nl\/action\/front\/sheetmusic\/16748\" target=\"_blank\" rel=\"noopener\">preview<\/a><\/p><p><strong>Sonate 1.X. 1905<\/strong> \u2013 Leo\u0161 Jan\u00e1\u010dek (2007)<br \/>instrumentation: two harps<br \/>\u00a0&#8211; original: piano<br \/>\u00a0&#8211; duration: 11\u2032 50\u2033<br \/>\u00a0&#8211; not published<\/p><p><strong>In Smyrna<\/strong> \u2013 Edward Elgar (2006)<br \/>instrumentation: string orchestra. (also available a version for string quintet)<br \/>\u00a0&#8211; original: piano<br \/>\u00a0&#8211; duration ca. 3\u2032 50\u2033<br \/>\u00a0&#8211; not published<\/p><p><strong>Symphonies of wind instruments<\/strong> \u2013 Igor Stravinsky<br \/>instrumentation: two pianos<br \/>\u00a0&#8211; original: 24 wind instruments<br \/>\u00a0&#8211; duration: ca. 8\u2032 50\u2033<br \/>\u00a0&#8211; not published<\/p>\t\t\t\t\t\t\t\t<\/div>\n\t\t\t\t<\/div>\n\t\t\t\t\t<\/div>\n\t\t\t\t<\/div>\n\t\t\t\t<\/div>\n\t\t","protected":false},"excerpt":{"rendered":"<p>Arrangements Romance del pescador &#8211; Scene from El amor brujo\u00a0(December 31, 2025)&#8211; original: piano\/orchestra&#8211; instrumentation: flute, viola &amp; harp&#8211; total duration: ca. 2&#8217;15&#8221;&#8211; not published\u00a0&#8211; Listen on Youtube Three pieces based on the name of Haydn by Maurice Ravel, Claude Debussy and Vincent D\u2019Indy (2024)arranged for Ensemble VIJF! (fl-ob-bassoon-vl &amp; harp)\u00a0&#8211; original: piano\u00a0&#8211; total duration: [&hellip;]<\/p>\n","protected":false},"author":1,"featured_media":0,"parent":0,"menu_order":0,"comment_status":"closed","ping_status":"closed","template":"","meta":{"footnotes":""},"class_list":["post-401","page","type-page","status-publish","hentry"],"blocksy_meta":[],"_links":{"self":[{"href":"https:\/\/lowelldykstra.com\/index.php?rest_route=\/wp\/v2\/pages\/401","targetHints":{"allow":["GET"]}}],"collection":[{"href":"https:\/\/lowelldykstra.com\/index.php?rest_route=\/wp\/v2\/pages"}],"about":[{"href":"https:\/\/lowelldykstra.com\/index.php?rest_route=\/wp\/v2\/types\/page"}],"author":[{"embeddable":true,"href":"https:\/\/lowelldykstra.com\/index.php?rest_route=\/wp\/v2\/users\/1"}],"replies":[{"embeddable":true,"href":"https:\/\/lowelldykstra.com\/index.php?rest_route=%2Fwp%2Fv2%2Fcomments&post=401"}],"version-history":[{"count":82,"href":"https:\/\/lowelldykstra.com\/index.php?rest_route=\/wp\/v2\/pages\/401\/revisions"}],"predecessor-version":[{"id":2985,"href":"https:\/\/lowelldykstra.com\/index.php?rest_route=\/wp\/v2\/pages\/401\/revisions\/2985"}],"wp:attachment":[{"href":"https:\/\/lowelldykstra.com\/index.php?rest_route=%2Fwp%2Fv2%2Fmedia&parent=401"}],"curies":[{"name":"wp","href":"https:\/\/api.w.org\/{rel}","templated":true}]}}